{"id":222,"date":"2023-07-28T09:33:19","date_gmt":"2023-07-28T09:33:19","guid":{"rendered":"https:\/\/clients.evostudio.ro\/encorsa\/?page_id=222"},"modified":"2023-11-07T11:05:40","modified_gmt":"2023-11-07T11:05:40","slug":"deplasari-in-interes-de-serviciu","status":"publish","type":"page","link":"https:\/\/encorsa.ro\/?page_id=222","title":{"rendered":"Deplas\u0103ri \u00een interes de serviciu"},"content":{"rendered":"<p><img loading=\"lazy\" decoding=\"async\" class=\"aligncenter size-full wp-image-873\" src=\"https:\/\/encorsa.ro\/wp-content\/uploads\/2023\/09\/22.business-trip-supervisor-approval.webp\" alt=\"\" width=\"1600\" height=\"828\" srcset=\"https:\/\/encorsa.ro\/wp-content\/uploads\/2023\/09\/22.business-trip-supervisor-approval.webp 1600w, https:\/\/encorsa.ro\/wp-content\/uploads\/2023\/09\/22.business-trip-supervisor-approval-300x155.webp 300w, https:\/\/encorsa.ro\/wp-content\/uploads\/2023\/09\/22.business-trip-supervisor-approval-1024x530.webp 1024w, https:\/\/encorsa.ro\/wp-content\/uploads\/2023\/09\/22.business-trip-supervisor-approval-768x397.webp 768w, https:\/\/encorsa.ro\/wp-content\/uploads\/2023\/09\/22.business-trip-supervisor-approval-1536x795.webp 1536w\" sizes=\"auto, (max-width: 1600px) 100vw, 1600px\" \/><\/p>\n<p>&nbsp;<\/p>\n<p>Componenta digital\u0103 pentru administrarea deplas\u0103rilor \u00een interes de serviciu \u00een \u021bara \u0219i str\u0103in\u0103tate con\u021bine, de regul\u0103, urm\u0103torii pa\u0219i:<\/p>\n<p>&nbsp;<\/p>\n<ul>\n<li>crearea unei \u00eenregistr\u0103ri cu deplasarea de c\u0103tre persoana delegat\u0103 sau \u0219eful s\u0103u ierarhic;<\/li>\n<li>alocarea cheltuielilor pentru c\u0103l\u0103toria de business (c\u0103tre un centru de cost, proiect, beneficiar, etc.);<\/li>\n<li>aprobarea cererii de c\u0103tre \u0219eful ierarhic;<\/li>\n<li>notificarea la casierie pentru eliberarea avansului (mai ales dac\u0103 suma este acordat\u0103 \u00een valut\u0103);<\/li>\n<li>anun\u021barea angajatului delegat atunci c\u00e2nd poate \u00eencasa avansul;<\/li>\n<li>introducerea detaliilor de transport \u0219i a altor cheltuieli de c\u0103l\u0103torie;<\/li>\n<li>introducerea decontului, returnarea sumelor necheltuite \u0219i scanarea documentelor contabile;<\/li>\n<li>\u00eenregistrarea costurilor de deplasare \u00een sistemul financiar de contabilitate.<\/li>\n<\/ul>\n<p>&nbsp;<\/p>\n<p>Pentru fiecare pas, exist\u0103 un format clar \u00een care se introduc u\u0219or toate informa\u021biilor necesare. Procesarea corect\u0103 \u0219i arhivarea unei deplas\u0103ri \u00een interes de serviciu se fac rapid, av\u00e2nd la dispozi\u021bie posibilitatea de a ata\u0219a documentele scanate direct de la nivelul fluxului de lucru al documentelor.<\/p>\n<p>&nbsp;<\/p>\n<p><img loading=\"lazy\" decoding=\"async\" class=\"aligncenter size-full wp-image-876\" src=\"https:\/\/encorsa.ro\/wp-content\/uploads\/2023\/09\/11.business-trip-registration.webp\" alt=\"\" width=\"1600\" height=\"770\" srcset=\"https:\/\/encorsa.ro\/wp-content\/uploads\/2023\/09\/11.business-trip-registration.webp 1600w, https:\/\/encorsa.ro\/wp-content\/uploads\/2023\/09\/11.business-trip-registration-300x144.webp 300w, https:\/\/encorsa.ro\/wp-content\/uploads\/2023\/09\/11.business-trip-registration-1024x493.webp 1024w, https:\/\/encorsa.ro\/wp-content\/uploads\/2023\/09\/11.business-trip-registration-768x370.webp 768w, https:\/\/encorsa.ro\/wp-content\/uploads\/2023\/09\/11.business-trip-registration-1536x739.webp 1536w\" sizes=\"auto, (max-width: 1600px) 100vw, 1600px\" \/><\/p>\n<p>&nbsp;<\/p>\n<p>Integrarea (op\u021bional\u0103) cu sistemul de contabilitate permite desc\u0103rcarea bibliotecilor de nomenclatoare (de exemplu, o list\u0103 de centre de costuri, analize de cont, analitice ale clien\u021bilor, etc.) \u0219i introducerea sumelor \u0219i documentelor \u00een sistem odat\u0103 ce cheltuielile asociate deplas\u0103rii au fost rambursate.<\/p>\n<p>&nbsp;<\/p>\n<p><img loading=\"lazy\" decoding=\"async\" class=\"aligncenter size-full wp-image-877\" src=\"https:\/\/encorsa.ro\/wp-content\/uploads\/2023\/09\/44.business-trip-move-to-ERP.webp\" alt=\"\" width=\"1508\" height=\"1008\" srcset=\"https:\/\/encorsa.ro\/wp-content\/uploads\/2023\/09\/44.business-trip-move-to-ERP.webp 1508w, https:\/\/encorsa.ro\/wp-content\/uploads\/2023\/09\/44.business-trip-move-to-ERP-300x201.webp 300w, https:\/\/encorsa.ro\/wp-content\/uploads\/2023\/09\/44.business-trip-move-to-ERP-1024x684.webp 1024w, https:\/\/encorsa.ro\/wp-content\/uploads\/2023\/09\/44.business-trip-move-to-ERP-768x513.webp 768w, https:\/\/encorsa.ro\/wp-content\/uploads\/2023\/09\/44.business-trip-move-to-ERP-663x443.webp 663w\" sizes=\"auto, (max-width: 1508px) 100vw, 1508px\" \/><\/p>\n<p>&nbsp;<\/p>\n<p>&nbsp;<\/p>\n<p><strong>Caracteristicile de baz\u0103 ale WEBCON Business Process Suite pentru procesarea fluxurilor de lucru legate de deplas\u0103rile \u00een interes de serviciu includ:<\/strong><\/p>\n<p>&nbsp;<\/p>\n<ul>\n<li>posibilitatea model\u0103rii interne a oric\u0103rui num\u0103r de cereri legate de resursele umane, f\u0103r\u0103 costuri suplimentare;<\/li>\n<li>gestionarea eficient\u0103 a schimb\u0103rilor, inclusiv un suport bun \u00een cazul \u00eenlocuirilor temporare \u0219i delegarea sarcinilor;<\/li>\n<li>posibilitatea de a modifica un flux de lucru existent \u00een cazul \u00een care procedurile de business se schimb\u0103;<\/li>\n<li>monitorizarea complet\u0103 a cererilor \u00eenregistrate \u0219i procesate, inclusiv istoricul aprob\u0103rilor \u0219i modific\u0103rilor;<\/li>\n<li>rapoarte de proces \u0219i identificarea blocajelor;<\/li>\n<li>integrarea cu sistemele de HR ale companiei \u0219i Microsoft Exchange;<\/li>\n<li>suport pentru volume mari de date \u0219i num\u0103r mare de utilizatori.<\/li>\n<\/ul>\n<p>&nbsp;<\/p>\n<p><strong>Alte exemple de solicit\u0103ri c\u0103tre departamentul de personal incluse \u00een platforma WEBCON BPS:<\/strong><\/p>\n<p>&nbsp;<\/p>\n<ul>\n<li>\u00eenregistrarea \u0219i aprobarea cererilor de concediu;<\/li>\n<li>\u00eenregistrarea \u0219i aprobarea cererilor de majorare a salariilor, cererilor de schimbare a pozi\u021biei sau modificarea formei de angajare;<\/li>\n<li>procesarea noilor angaja\u021bi, inclusiv organizarea activit\u0103\u021bilor;<\/li>\n<li>prelucrarea documentelor de plecare din companie;<\/li>\n<li>rambursarea deconturilor aferente mijloacelor de transport din companie.<\/li>\n<\/ul>\n","protected":false},"excerpt":{"rendered":"<p>&nbsp; Componenta digital\u0103 pentru administrarea deplas\u0103rilor \u00een interes de serviciu \u00een \u021bara \u0219i str\u0103in\u0103tate con\u021bine, de regul\u0103, urm\u0103torii pa\u0219i: &nbsp; crearea unei \u00eenregistr\u0103ri cu deplasarea de c\u0103tre persoana delegat\u0103 sau \u0219eful s\u0103u ierarhic; alocarea cheltuielilor pentru c\u0103l\u0103toria de business (c\u0103tre un centru de cost, proiect, beneficiar, etc.); aprobarea cererii de c\u0103tre \u0219eful ierarhic; notificarea la [&hellip;]<\/p>\n","protected":false},"author":12,"featured_media":0,"parent":0,"menu_order":0,"comment_status":"closed","ping_status":"closed","template":"template-flux.php","meta":{"footnotes":""},"class_list":["post-222","page","type-page","status-publish","hentry"],"yoast_head":"<!-- This site is optimized with the Yoast SEO plugin v21.5 - https:\/\/yoast.com\/wordpress\/plugins\/seo\/ -->\n<title>Deplas\u0103ri \u00een interes de serviciu - Encorsa<\/title>\n<meta name=\"robots\" content=\"index, follow, max-snippet:-1, max-image-preview:large, max-video-preview:-1\" \/>\n<link rel=\"canonical\" href=\"https:\/\/encorsa.ro\/?page_id=222\" \/>\n<meta property=\"og:locale\" content=\"ro_RO\" \/>\n<meta property=\"og:type\" content=\"article\" \/>\n<meta property=\"og:title\" content=\"Deplas\u0103ri \u00een interes de serviciu - Encorsa\" \/>\n<meta property=\"og:description\" content=\"&nbsp; Componenta digital\u0103 pentru administrarea deplas\u0103rilor \u00een interes de serviciu \u00een \u021bara \u0219i str\u0103in\u0103tate con\u021bine, de regul\u0103, urm\u0103torii pa\u0219i: &nbsp; crearea unei \u00eenregistr\u0103ri cu deplasarea de c\u0103tre persoana delegat\u0103 sau \u0219eful s\u0103u ierarhic; alocarea cheltuielilor pentru c\u0103l\u0103toria de business (c\u0103tre un centru de cost, proiect, beneficiar, etc.); aprobarea cererii de c\u0103tre \u0219eful ierarhic; notificarea la [&hellip;]\" \/>\n<meta property=\"og:url\" content=\"https:\/\/encorsa.ro\/?page_id=222\" \/>\n<meta property=\"og:site_name\" content=\"Encorsa\" \/>\n<meta property=\"article:modified_time\" content=\"2023-11-07T11:05:40+00:00\" \/>\n<meta property=\"og:image\" content=\"https:\/\/encorsa.ro\/wp-content\/uploads\/2023\/09\/22.business-trip-supervisor-approval.webp\" \/>\n<meta name=\"twitter:card\" content=\"summary_large_image\" \/>\n<meta name=\"twitter:label1\" content=\"Timp estimat pentru citire\" \/>\n\t<meta name=\"twitter:data1\" content=\"2 minute\" \/>\n<script type=\"application\/ld+json\" class=\"yoast-schema-graph\">{\"@context\":\"https:\/\/schema.org\",\"@graph\":[{\"@type\":\"WebPage\",\"@id\":\"https:\/\/encorsa.ro\/?page_id=222\",\"url\":\"https:\/\/encorsa.ro\/?page_id=222\",\"name\":\"Deplas\u0103ri \u00een interes de serviciu - Encorsa\",\"isPartOf\":{\"@id\":\"https:\/\/encorsa.ro\/#website\"},\"datePublished\":\"2023-07-28T09:33:19+00:00\",\"dateModified\":\"2023-11-07T11:05:40+00:00\",\"breadcrumb\":{\"@id\":\"https:\/\/encorsa.ro\/?page_id=222#breadcrumb\"},\"inLanguage\":\"ro-RO\",\"potentialAction\":[{\"@type\":\"ReadAction\",\"target\":[\"https:\/\/encorsa.ro\/?page_id=222\"]}]},{\"@type\":\"BreadcrumbList\",\"@id\":\"https:\/\/encorsa.ro\/?page_id=222#breadcrumb\",\"itemListElement\":[{\"@type\":\"ListItem\",\"position\":1,\"name\":\"Home\",\"item\":\"https:\/\/encorsa.ro\/\"},{\"@type\":\"ListItem\",\"position\":2,\"name\":\"Deplas\u0103ri \u00een interes de serviciu\"}]},{\"@type\":\"WebSite\",\"@id\":\"https:\/\/encorsa.ro\/#website\",\"url\":\"https:\/\/encorsa.ro\/\",\"name\":\"Encorsa\",\"description\":\"\",\"potentialAction\":[{\"@type\":\"SearchAction\",\"target\":{\"@type\":\"EntryPoint\",\"urlTemplate\":\"https:\/\/encorsa.ro\/?s={search_term_string}\"},\"query-input\":\"required name=search_term_string\"}],\"inLanguage\":\"ro-RO\"}]}<\/script>\n<!-- \/ Yoast SEO plugin. -->","yoast_head_json":{"title":"Deplas\u0103ri \u00een interes de serviciu - Encorsa","robots":{"index":"index","follow":"follow","max-snippet":"max-snippet:-1","max-image-preview":"max-image-preview:large","max-video-preview":"max-video-preview:-1"},"canonical":"https:\/\/encorsa.ro\/?page_id=222","og_locale":"ro_RO","og_type":"article","og_title":"Deplas\u0103ri \u00een interes de serviciu - Encorsa","og_description":"&nbsp; Componenta digital\u0103 pentru administrarea deplas\u0103rilor \u00een interes de serviciu \u00een \u021bara \u0219i str\u0103in\u0103tate con\u021bine, de regul\u0103, urm\u0103torii pa\u0219i: &nbsp; crearea unei \u00eenregistr\u0103ri cu deplasarea de c\u0103tre persoana delegat\u0103 sau \u0219eful s\u0103u ierarhic; alocarea cheltuielilor pentru c\u0103l\u0103toria de business (c\u0103tre un centru de cost, proiect, beneficiar, etc.); aprobarea cererii de c\u0103tre \u0219eful ierarhic; notificarea la [&hellip;]","og_url":"https:\/\/encorsa.ro\/?page_id=222","og_site_name":"Encorsa","article_modified_time":"2023-11-07T11:05:40+00:00","og_image":[{"url":"https:\/\/encorsa.ro\/wp-content\/uploads\/2023\/09\/22.business-trip-supervisor-approval.webp"}],"twitter_card":"summary_large_image","twitter_misc":{"Timp estimat pentru citire":"2 minute"},"schema":{"@context":"https:\/\/schema.org","@graph":[{"@type":"WebPage","@id":"https:\/\/encorsa.ro\/?page_id=222","url":"https:\/\/encorsa.ro\/?page_id=222","name":"Deplas\u0103ri \u00een interes de serviciu - Encorsa","isPartOf":{"@id":"https:\/\/encorsa.ro\/#website"},"datePublished":"2023-07-28T09:33:19+00:00","dateModified":"2023-11-07T11:05:40+00:00","breadcrumb":{"@id":"https:\/\/encorsa.ro\/?page_id=222#breadcrumb"},"inLanguage":"ro-RO","potentialAction":[{"@type":"ReadAction","target":["https:\/\/encorsa.ro\/?page_id=222"]}]},{"@type":"BreadcrumbList","@id":"https:\/\/encorsa.ro\/?page_id=222#breadcrumb","itemListElement":[{"@type":"ListItem","position":1,"name":"Home","item":"https:\/\/encorsa.ro\/"},{"@type":"ListItem","position":2,"name":"Deplas\u0103ri \u00een interes de serviciu"}]},{"@type":"WebSite","@id":"https:\/\/encorsa.ro\/#website","url":"https:\/\/encorsa.ro\/","name":"Encorsa","description":"","potentialAction":[{"@type":"SearchAction","target":{"@type":"EntryPoint","urlTemplate":"https:\/\/encorsa.ro\/?s={search_term_string}"},"query-input":"required name=search_term_string"}],"inLanguage":"ro-RO"}]}},"_links":{"self":[{"href":"https:\/\/encorsa.ro\/index.php?rest_route=\/wp\/v2\/pages\/222","targetHints":{"allow":["GET"]}}],"collection":[{"href":"https:\/\/encorsa.ro\/index.php?rest_route=\/wp\/v2\/pages"}],"about":[{"href":"https:\/\/encorsa.ro\/index.php?rest_route=\/wp\/v2\/types\/page"}],"author":[{"embeddable":true,"href":"https:\/\/encorsa.ro\/index.php?rest_route=\/wp\/v2\/users\/12"}],"replies":[{"embeddable":true,"href":"https:\/\/encorsa.ro\/index.php?rest_route=%2Fwp%2Fv2%2Fcomments&post=222"}],"version-history":[{"count":9,"href":"https:\/\/encorsa.ro\/index.php?rest_route=\/wp\/v2\/pages\/222\/revisions"}],"predecessor-version":[{"id":1289,"href":"https:\/\/encorsa.ro\/index.php?rest_route=\/wp\/v2\/pages\/222\/revisions\/1289"}],"wp:attachment":[{"href":"https:\/\/encorsa.ro\/index.php?rest_route=%2Fwp%2Fv2%2Fmedia&parent=222"}],"curies":[{"name":"wp","href":"https:\/\/api.w.org\/{rel}","templated":true}]}}